 2 - 2 - (-10 - t). Let j(a) = a**2 - 10*a + 7. List the prime factors of j(r).
2, 3
Suppose 3*o - 4*a = 2*o - 7, -2*o - 2*a = 24. Let n = o - -11. What are the prime factors of (-3)/2*-14 + n?
3, 7
Let y be (-4 + 5 - 1) + 0. Suppose y = -15*x + 11*x + 364. Let z = -16 + x. What are the prime factors of z?
3, 5
Suppose 5*a = -4*r + 127, 3*a + r = 3*r + 85. Suppose 3*y + 3*m = -y + a, 0 = -2*y - 3*m + 9. List the prime factors of y.
3
Let k(a) = a**3 - 7*a**2 + 5*a - 3. Let g = 6 + -1. Let h be k(g). Let d = h + 51. What are the prime factors of d?
23
Suppose 82*a = 69*a + 24089. What are the prime factors of a?
17, 109
Suppose 0 = -2*m + l + 11, 3*m - 4*l - 32 = -m. Let z be -70 + 4 + (-2 - m). Let r = 114 + z. List the prime factors of r.
43
Let u(t) be the first derivative of t**3/3 - 3*t**2 - 22*t + 25. List the prime factors of u(-10).
2, 3, 23
Let j(w) = -2*w**3 + 2*w**2 + w. Let y be j(-1). Let v = 97 + -94. Suppose v*z + 3*s - 3 = 0, 4*z + s - y = -4*s. What are the prime factors of z?
2
Let r = 94 - 105. Let t(n) = -n**2 - 17*n + 12. What are the prime factors of t(r)?
2, 3, 13
Suppose 30*b + 24*b = 20*b. Let q = 3 - -2. Suppose b = 2*w + u - 47, -q*u + 89 = 3*w + 15. What are the prime factors of w?
23
Let m(x) = 3*x**3 - 2*x**2 - 3*x + 22. Let a be m(7). Suppose 2*p + 248 = 3*p + 4*o, 0 = 4*p + 4*o - a. What are the prime factors of p?
2, 3, 19
Let q = -90 + 1333. What are the prime factors of q?
11, 113
Let i be (-12*(-3)/10)/(9/210). Suppose -3*d = -81 - i. List the prime factors of d.
5, 11
Let d(g) be the third derivative of -11*g**4/12 + 26*g**2. What are the prime factors of d(-5)?
2, 5, 11
Let g = -41 + 37. List the prime factors of -102*(g - -4 - 1).
2, 3, 17
Let a(r) = 2*r**2 + 25*r - 17. What are the prime factors of a(14)?
5, 29
Suppose 5*x + l - 2567 = 0, l = -x + 3*x - 1031. List the prime factors of x.
2, 257
Suppose 22410 = 46*b - 19*b. What are the prime factors of b?
2, 5, 83
Let l(r) = r**2 - 7*r - 17. Let a = 19 + 0. Let h be l(a). Suppose 4*p - 302 = -5*u, -5*u = -3*p - u + h. What are the prime factors of p?
73
Let g = -7794 + 13538. List the prime factors of g.
2, 359
Suppose -4*f = -y, 5*f - 3*y = -2*y. Suppose -2*b - s = -f*b - 11, -3 = -s. Let t = 6 - b. List the prime factors of t.
2
Let q = 2 + 120. What are the prime factors of q?
2, 61
Suppose 30*q - 73910 = -8*q. What are the prime factors of q?
5, 389
Let c(d) = -5*d + 78. List the prime factors of c(-6).
2, 3
What are the prime factors of (3/(-1))/(2 - (-935)/(-465))?
3, 31
Let k be (-3620)/(-30) - 12/(-9). Suppose -k = -5*d + 78. List the prime factors of d.
2, 5
Let g(x) be the second derivative of x**4/12 + x**3/3 + 21*x**2/2 + 3*x. List the prime factors of g(-12).
3, 47
Suppose o + 1622 = 3*o + 4*b, -4*o = -3*b - 3233. List the prime factors of o.
809
Let f be -110*((2 - 2) + 7 + -11). Suppose 0*a = -2*q - 5*a + 206, 4*q - 4*a - f = 0. List the prime factors of q.
2, 3
Let u = -34 + 30. Let d(y) = 2*y**2 + 4*y + 35. What are the prime factors of d(u)?
3, 17
Suppose -4*v = 3*x - 161, x = -0*x - 1. Let r = -11 + v. List the prime factors of r.
2, 3, 5
List the prime factors of 2*893 - (13 + 0)/(-13).
1787
Let n(w) = w**2 + 3*w. Let r be (-106)/34 - (-4)/34. Let h be n(r). Suppose h = -4*x - 42 + 290. What are the prime factors of x?
2, 31
Suppose -9*c - 1640 + 8543 = 0. What are the prime factors of c?
13, 59
Let b = 4 - 19. Let r be 35154/10 - (-6)/b. What are the prime factors of ((-2)/5)/((-19)/r)?
2, 37
Let h(b) = b**3 - 10*b**2 - 13*b + 13. Let p be h(9). Let m = p - -312. Let q = -86 + m. What are the prime factors of q?
41
Suppose -m + 3*o + 34 = 0, -2*m + 2*o - 44 = -4*m. Suppose 3 = -2*p - m. List the prime factors of (p/(-10) - -1)*5.
2, 3
What are the prime factors of (18/8)/(54/11952)?
2, 3, 83
Suppose 3*u - 8 = i, -i - 3*u - 13 = -u. Let z = -2 - i. List the prime factors of (z + (-9)/(-3))/2.
2, 3
Suppose 0 = 5*f - b - 828, 248 - 1079 = -5*f + 2*b. Suppose -22*x + f = -19*x. List the prime factors of x.
5, 11
Let c be (-1)/(-4) - (-3 - (-82)/8). List the prime factors of (-572)/(-7) + 2*(-1)/c.
2, 41
Suppose 0*l = -75*l + 294900. List the prime factors of l.
2, 983
Let s = 1720 + -3. List the prime factors of s.
17, 101
Suppose 0 = -c - 3, -3*c + 19516 = 6*o + 559. What are the prime factors of o?
29, 109
Let d = 0 - -27. Let c be 2/5 - d/5. Let x(h) = h**2 + 4*h + 2. List the prime factors of x(c).
7
Let x(k) = 0 - 1 - 4 - k**2 + 6 + 4*k. Let p be x(3). List the prime factors of 2904/54 - p/(-18).
2, 3
Suppose -6*w + 4920 = 2*y, w = -4*y - 2*w + 9876. List the prime factors of y.
2, 3, 103
Let k(x) be the first derivative of 3*x**3 - x**2/2 + 5*x - 11. List the prime factors of k(-3).
89
Let t be 18/2*4/(-12). Let n be (5 - 1) + t + 23. Suppose -5*o = -2*r + 6*r - 130, 0 = -2*o + 4*r + n. What are the prime factors of o?
2, 11
Suppose 5*d - 5 = 40. List the prime factors of -2 + 65 - (13 - d).
59
Let i(y) = -y**3 + 3*y**2 - 1. Let w be i(2). List the prime factors of 3*46 + w*(-12)/9.
2, 67
Suppose s = -4*s - 3*d + 300, -4*s + 243 = 3*d. List the prime factors of s.
3, 19
Suppose -4*z + 55 = -j, -5*j + 2*z - 298 = -5. Suppose 4*n + 37 + 2 = -5*h, n = -h - 10. Let o = n - j. What are the prime factors of o?
2, 3
Let d(u) = -u + 1. Let j(o) = 6*o - 3. Let p(b) = d(b) + j(b). Suppose 8 = 3*i - 4*m - 5, 3*m = 2*i - 9. What are the prime factors of p(i)?
13
Let k = 314 - -127. Suppose -5*v = -8*v + k. List the prime factors of v.
3, 7
Let s = 4 + 0. Let b be s/(-5)*(-10)/2. Suppose -b*z = -6 - 26. What are the prime factors of z?
2
Let x be 2324/(-49) - (-3)/7. Let q = -34 - x. What are the prime factors of q?
13
Suppose 0 = -k - 1 - 3. List the prime factors of (49 - (4 + k)) + -2.
47
List the prime factors of (3 - 3) + 1530 + 1.
1531
Let a = -31 + 40. Suppose 172 = a*g - 5*g. What are the prime factors of g?
43
Suppose -3*v = 21 - 57. Suppose 3*u - 4*a - v - 65 = 0, -2*u = -3*a - 51. What are the prime factors of u?
3
Let t(m) = 18*m**2 - 10 + 5*m**3 - 5*m + 3*m**3 - 9*m**3 + 2*m**3. What are the prime factors of t(-18)?
2, 5
Let z(y) = 2*y**2 - 4*y - 10. Let m(s) = -2*s**2 + 4. Let b be m(-2). List the prime factors of z(b).
2, 19
Let o(t) = -69*t - 134. What are the prime factors of o(-35)?
2281
Let i be 553/14 - (-3)/6. Suppose -2*n + i = -38. List the prime factors of n.
3, 13
Suppose -4*i = -7*c + 3*c - 900, 5*c - 3*i = -1121. Let n = c + 315. List the prime factors of n.
2, 23
Suppose -3*j = 2*j - 4*d + 40, j - 4*d = -24. List the prime factors of 58 + 0/(-5) + j.
2, 3
What are the prime factors of (-4)/(-14) - (-25120)/35?
2, 359
Suppose -5*r + 6*n - 3*n + 19 = 0, -2*r = -3*n - 13. Let q = 3 + r. Suppose 3*z + z - 5*x = 129, -q = x. What are the prime factors of z?
2, 13
Suppose -3*a + 3*k = 0, -4*a = 3*k - k - 18. Suppose -3*c - a + 9 = 0. Suppose 0*y = c*y + 2*x - 38, -4*y = -2*x - 76. List the prime factors of y.
19
Suppose -m - 5390 = -3*y, 55*m - 58*m = 3*y - 5382. What are the prime factors of y?
2, 449
Let k(l) = 4*l**2 - 156*l + 50. List the prime factors of k(47).
2, 3, 7, 37
Let m(b) = -b**3 - 8*b**2 + 10*b + 5. List the prime factors of m(-10).
3, 5, 7
Let y(h) = -5*h**2 + 4*h**3 - 5*h**3 + 32 + 10*h - 27. Let n be y(-7). Suppose n = 3*b - 3*z - 39, -19 = -b - 4*z. What are the prime factors of b?
23
Let w = -1203 + 1928. What are the prime factors of w?
5, 29
Let l(d) = 2*d**2 + 4*d + 82. What are the prime factors of l(-19)?
2, 7, 13
Let y(v) = -1 - 5 - v**2 + 5 - 2*v**2 + 8*v. What are the prime factors of y(1)?
2
Let l = 22 - -11. Suppose -z = -2*n + 35, 2*n + 2*z - z - l = 0. List the prime factors of n.
17
Suppose -57*q + 21915 + 67290 = 0. What are the prime factors of q?
5, 313
List the prime factors of (-2)/16 + 3*59121/216.
821
Let s(x) = -x**3 + 18*x**2 - 14*x + 31. Suppose 0 = -3*q - 5*u + 53, 0 = -3*q + u - 2*u + 49. List the prime factors of s(q).
11, 29
Suppose -7*i + 18*i - 6600 = 0. List the prime factors of i.
2, 3, 5
Let b(s) = -s**3 + 13*s**2 - 21*s + 10. What are the prime factors of b(8)?
2, 3
Suppose 62*o - 67*o - 230 = 0. Let n = 8 - o. List the prime factors of n.
2, 3
Suppose 356 = 18*k - 2722. List the prime factors of k.
3, 19
Let r = 366 - 178. What are the prime factors of r?
2, 47
Sup